.
934
Calculate the greatest common divisor of 1510088 and 928.
232
What is the highest common divisor of 7139 and 52877?
121
What is the highest common factor of 357853 and 449?
449
What is the greatest common divisor of 16340 and 6080?
380
Calculate the highest common factor of 10 and 1720980.
10
Calculate the greatest common divisor of 178368 and 192.
192
What is the highest common factor of 450 and 787300?
50
What is the highest common factor of 819 and 2781?
9
What is the highest common divisor of 252681 and 26?
13
Calculate the highest common divisor of 196 and 26628.
28
Calculate the greatest common divisor of 255 and 4305.
15
What is the greatest common divisor of 5348 and 868?
28
What is the highest common divisor of 559 and 389752?
43
Calculate the highest common divisor of 94042 and 78.
26
Calculate the highest common factor of 75465 and 172.
43
Calculate the highest common factor of 13377 and 728.
91
What is the highest common factor of 31 and 728407?
31
What is the greatest common divisor of 4599 and 525?
21
Calculate the highest common factor of 2 and 114613.
1
What is the highest common factor of 11599699 and 61?
61
What is the highest common divisor of 1026 and 522?
18
What is the highest common factor of 57723 and 355?
71
Calculate the greatest common factor of 46098 and 96.
6
Calculate the highest common factor of 30744 and 7596.
36
Calculate the greatest common divisor of 47765 and 1640.
205
What is the highest common divisor of 72 and 607032?
72
What is the greatest common factor of 1152 and 13266?
18
Calculate the highest common factor of 592515 and 357.
21
Calculate the highest common divisor of 2079386 and 274.
274
Calculate the highest common factor of 56 and 512.
8
What is the greatest common factor of 42666 and 1872?
78
What is the highest common divisor of 4 and 32996?
4
What is the greatest common divisor of 627186 and 218?
218
Calculate the greatest common divisor of 41869 and 1639.
149
Calculate the greatest common factor of 304 and 18.
2
Calculate the highest common divisor of 9494 and 909.
101
What is the greatest common factor of 323 and 2250341?
323
Calculate the highest common factor of 110546 and 62.
62
What is the highest common factor of 299 and 11569?
23
What is the highest common divisor of 13914 and 24372?
18
Calculate the highest common divisor of 324 and 708.
12
Calculate the highest common factor of 2241 and 17015.
83
Calculate the greatest common factor of 4769 and 865950.
251
What is the greatest common factor of 14 and 53683?
7
Calculate the highest common divisor of 18 and 82323.
9
What is the highest common divisor of 66 and 80718?
66
What is the highest common divisor of 47564 and 9588?
188
Calculate the highest common divisor of 9540 and 492.
12
What is the greatest common divisor of 72 and 354168?
72
Calculate the greatest common factor of 286 and 465179.
143
What is the highest common factor of 10440 and 3690?
90
What is the highest common divisor of 32 and 7275104?
32
What is the highest common factor of 9380 and 168304?
268
Calculate the greatest common divisor of 20500 and 3895.
205
Calculate the greatest common divisor of 26 and 27859.
13
What is the greatest common factor of 6296 and 46?
2
Calculate the greatest common factor of 27 and 266985.
9
What is the greatest common factor of 35657 and 591?
197
Calculate the highest common factor of 20227 and 113.
113
Calculate the greatest common divisor of 34270 and 4370.
230
Calculate the highest common divisor of 867394 and 4.
2
Calculate the highest common divisor of 1246 and 4183.
89
What is the greatest common divisor of 906 and 104341?
151
Calculate the greatest common divisor of 87 and 18096.
87
Calculate the highest common factor of 6320 and 2720.
80
What is the greatest common factor of 437260 and 260?
20
What is the highest common divisor of 1269104 and 176?
16
What is the highest common factor of 16104 and 53592?
264
What is the highest common factor of 15610 and 15120?
70
Calculate the greatest common divisor of 443339 and 1018.
509
What is the greatest common factor of 46115 and 161?
23
What is the greatest common factor of 141127 and 7?
7
Calculate the highest common factor of 15167 and 551.
29
What is the highest common factor of 5488 and 54488?
392
Calculate the highest common factor of 368 and 87400.
184
What is the greatest common divisor of 2370 and 9990?
30
What is the greatest common factor of 16 and 17096?
8
What is the highest common divisor of 2314 and 14794?
26
What is the greatest common divisor of 865824 and 7424?
928
Calculate the greatest common divisor of 108546 and 3792.
474
What is the greatest common divisor of 6380 and 5588?
44
Calculate the highest common factor of 351938 and 298.
298
What is the highest common factor of 11488 and 38413?
359
Calculate the highest common factor of 16068 and 1092.
156
Calculate the highest common factor of 198 and 231.
33
What is the highest common divisor of 500323 and 82?
41
Calculate the highest common factor of 52 and 82511.
13
What is the greatest common divisor of 7500 and 612?
12
What is the highest common factor of 52297 and 1085?
217
Calculate the highest common divisor of 560 and 33104.
16
Calculate the highest common divisor of 22589 and 35.
7
Calculate the highest common factor of 20580 and 280.
140
Calculate the highest common factor of 447848 and 680.
136
What is the highest common divisor of 296 and 53909?
37
Calculate the highest common factor of 98762 and 65987.
437
What is the highest common divisor of 9011 and 25?
1
What is the greatest common divisor of 15727181 and 107?
107
Calculate the greatest common factor of 152 and 55176.
152
Calculate the greatest common divisor of 2331 and 38961.
333
Calculate the greatest common divisor of 126 and 29407.
7
Calculate the highest common divisor of 1808 and 2288.
16
Calculate the greatest common divisor of 624 and 2249.
13
Calculate the greatest common divisor of 143 and 701734.
11
Calculate the highest common factor of 2040 and 4296.
24
Calculate the highest common factor of 27623 and 2323.
23
Calculate the greatest common divisor of 4 and 500.
4
Calculate the greatest common factor of 1224 and 76500.
612
Calculate the highest common divisor of 2197 and 191646.
169
What is the greatest common factor of 332274 and 711?
237
What is the highest common factor of 32076 and 9900?
396
What is the greatest common divisor of 48 and 114222?
6
What is the greatest common divisor of 84 and 182980?
28
What is the highest common factor of 94457 and 682?
341
Calculate the greatest common factor of 4294 and 1216.
38
Calculate the highest common divisor of 2886621 and 2694.
1347
Calculate the highest common divisor of 121783 and 1930.
193
What is the greatest common divisor of 133 and 4592?
7
Calculate the greatest common factor of 20099 and 19897.
101
Calculate the greatest common factor of 47420 and 220.
20
Calculate the highest common divisor of 4148 and 27336.
68
Calculate the highest common divisor of 4489 and 15343.
67
What is the highest common divisor of 27328 and 7616?
448
Calculate the highest common factor of 147329 and 91.
91
Calculate the highest common factor of 26179 and 47.
47
What is the greatest common divisor of 6225 and 135?
15
What is the highest common divisor of 631 and 368504?
631
What is the greatest common factor of 89537 and 224?
7
What is the highest common divisor of 1301586 and 738?
246
What is the highest common divisor of 111042 and 90954?
558
What is the highest common divisor of 167440 and 4025?
805
Calculate the greatest common factor of 856114 and 14.
14
What is the highest common factor of 118174 and 644?
322
What is the greatest common factor of 152 and 49172?
76
What is the greatest common divisor of 648720 and 36?
36
Calculate the highest common divisor of 533 and 12997.
41
What is the highest common divisor of 320 and 431280?
80
What is the greatest common divisor of 840 and 4260?
60
What is the greatest common divisor of 14168298 and 87?
87
What is the greatest common factor of 156 and 50?
2
What is the greatest common divisor of 17 and 214829?
17
What is the highest common divisor of 30605 and 3?
1
Calculate the highest common factor of 512 and 279232.
64
What is the greatest common fact